{"id":3032,"date":"2019-04-01T19:46:10","date_gmt":"2019-04-01T19:46:10","guid":{"rendered":"https:\/\/pentesting.heralms.eu\/?page_id=3032"},"modified":"2019-10-20T13:46:12","modified_gmt":"2019-10-20T13:46:12","slug":"extraits-de-nos-concerts","status":"publish","type":"page","link":"https:\/\/pentesting.heralms.eu\/?page_id=3032","title":{"rendered":"Extraits de nos concerts"},"content":{"rendered":"\n<figure class=\"wp-block-embed-youtube wp-block-embed is-type-video is-provider-youtube wp-embed-aspect-16-9 wp-has-aspect-ratio\"><div class=\"wp-block-embed__wrapper\">\n<iframe loading=\"lazy\" width=\"800\" height=\"450\" src=\"https:\/\/www.youtube.com\/embed\/VASN-COKCoE?feature=oembed\" frameborder=\"0\" allow=\"accelerometer; autoplay; encrypted-media; gyroscope; picture-in-picture\" allowfullscreen><\/iframe>\n<\/div><figcaption>Les M\u00e9n\u00e9triers &#8211; ABBA &#8211; Festival Voix sur Meuse (2019)<\/figcaption><\/figure>\n\n\n\n<figure class=\"wp-block-embed-youtube wp-block-embed is-type-video is-provider-youtube wp-embed-aspect-16-9 wp-has-aspect-ratio\"><div class=\"wp-block-embed__wrapper\">\n<iframe loading=\"lazy\" width=\"800\" height=\"450\" src=\"https:\/\/www.youtube.com\/embed\/KnkoSbf7t5w?feature=oembed\" frameborder=\"0\" allow=\"accelerometer; autoplay; encrypted-media; gyroscope; picture-in-picture\" allowfullscreen><\/iframe>\n<\/div><figcaption>Les M\u00e9n\u00e9triers &amp; Allegria &#8211; L&rsquo;homme Arm\u00e9 \/ Messe pour la Paix (2016)<\/figcaption><\/figure>\n\n\n\n<figure class=\"wp-block-embed-youtube wp-block-embed is-type-video is-provider-youtube wp-embed-aspect-16-9 wp-has-aspect-ratio\"><div class=\"wp-block-embed__wrapper\">\n<iframe loading=\"lazy\" width=\"800\" height=\"450\" src=\"https:\/\/www.youtube.com\/embed\/8guWELiG9g8?feature=oembed\" frameborder=\"0\" allow=\"accelerometer; autoplay; encrypted-media; gyroscope; picture-in-picture\" allowfullscreen><\/iframe>\n<\/div><figcaption>Les M\u00e9n\u00e9triers &#8211; Suite Aznavour (2015)<\/figcaption><\/figure>\n\n\n\n<figure class=\"wp-block-embed-youtube wp-block-embed is-type-video is-provider-youtube wp-embed-aspect-16-9 wp-has-aspect-ratio\"><div class=\"wp-block-embed__wrapper\">\n<iframe loading=\"lazy\" width=\"800\" height=\"450\" src=\"https:\/\/www.youtube.com\/embed\/fN0VLRYfZ-c?feature=oembed\" frameborder=\"0\" allow=\"accelerometer; autoplay; encrypted-media; gyroscope; picture-in-picture\" allowfullscreen><\/iframe>\n<\/div><figcaption>Les M\u00e9n\u00e9triers &amp; Allegria &#8211; Petite Messe Solenelle de Rossini (2014)<\/figcaption><\/figure>\n","protected":false},"excerpt":{"rendered":"<p>Les M\u00e9n\u00e9triers &#8211; ABBA &#8211; Festival Voix sur Meuse (2019) Les M\u00e9n\u00e9triers &amp; Allegria &#8211; L&rsquo;homme Arm\u00e9 \/ Messe pour la Paix (2016) Les M\u00e9n\u00e9triers &#8211; Suite Aznavour (2015) Les &#8230;<\/p>\n","protected":false},"author":3,"featured_media":0,"parent":0,"menu_order":0,"comment_status":"closed","ping_status":"closed","template":"","meta":{"footnotes":""},"class_list":["post-3032","page","type-page","status-publish","hentry"],"_links":{"self":[{"href":"https:\/\/pentesting.heralms.eu\/index.php?rest_route=\/wp\/v2\/pages\/3032","targetHints":{"allow":["GET"]}}],"collection":[{"href":"https:\/\/pentesting.heralms.eu\/index.php?rest_route=\/wp\/v2\/pages"}],"about":[{"href":"https:\/\/pentesting.heralms.eu\/index.php?rest_route=\/wp\/v2\/types\/page"}],"author":[{"embeddable":true,"href":"https:\/\/pentesting.heralms.eu\/index.php?rest_route=\/wp\/v2\/users\/3"}],"replies":[{"embeddable":true,"href":"https:\/\/pentesting.heralms.eu\/index.php?rest_route=%2Fwp%2Fv2%2Fcomments&post=3032"}],"version-history":[{"count":3,"href":"https:\/\/pentesting.heralms.eu\/index.php?rest_route=\/wp\/v2\/pages\/3032\/revisions"}],"predecessor-version":[{"id":3241,"href":"https:\/\/pentesting.heralms.eu\/index.php?rest_route=\/wp\/v2\/pages\/3032\/revisions\/3241"}],"wp:attachment":[{"href":"https:\/\/pentesting.heralms.eu\/index.php?rest_route=%2Fwp%2Fv2%2Fmedia&parent=3032"}],"curies":[{"name":"wp","href":"https:\/\/api.w.org\/{rel}","templated":true}]}}